+ 11 - 3 = 0, 3*p + 3*c - 12 = 0. Give r(p).
18
Let b(o) = 6*o - 2. Let r(u) = -2*u + 29. Let k be r(11). Let x be (1/2)/(k/(-70)) - -3. Determine b(x).
-14
Let j(a) = 11 + 7 - 18 - 3*a. Give j(-2).
6
Let b(r) = 2*r**2 - 18*r - 24. Let o(s) = -3*s**2 + 19*s + 26. Let z(d) = 4*b(d) + 3*o(d). Suppose -2*n = -5*n - 39. Determine z(n).
8
Let y(g) = -g**2 + 7*g + 2. Suppose -5*x = 4*j - 38, -4*j + 14 = 3*x - 6*j. Determine y(x).
8
Let g(p) be the second derivative of 0 + 1/2*p**3 - p**2 + 1/6*p**4 - 2*p - 1/10*p**5. Determine g(2).
-4
Let w(q) = 3*q**3 + 17*q**2 - 3*q - 7. Let v(u) = u - 12. Let h be v(7). Let k(a) = -2*a**3 - 9*a**2 + 2*a + 4. Let p(j) = h*k(j) - 3*w(j). Give p(6).
-5
Suppose 0 = -7*c + 30 - 9. Let l = 6 - 0. Let u(f) = -3*f - f + 0*f + l*f - 4. What is u(c)?
2
Suppose 2*j - 7*j + 5*s = 30, -4*s = -3*j - 20. Let r = -9 - j. Let c(m) = 3*m - 25*m**3 - 5*m**2 + 24*m**3 + 3 - 2*m. Give c(r).
-2
Let j(g) = -g**3 - 4*g**2 - 3*g. Let m(y) = -2*y**3 + 3*y**2 - y - 1. Let q be m(1). Let t = q + 25. Let z = t + -27. Give j(z).
0
Let y be 9/2 + 2/(-4). Let w(j) be the first derivative of -3*j - 42 + 2*j**2 - 1/3*j**3. Calculate w(y).
-3
Let a(h) = 12*h**3 - h**2 - 2*h - 1. Let s be (-2)/(0 - -1 - 3/6). Let q be 2/s + (-1)/2. Give a(q).
-12
Let o(v) = -v**3 - 2*v**2 + v. Let y be ((-1)/4 - 14/8)/1. What is o(y)?
-2
Suppose t = u - 5, -t = u + 2*u + 5. Let d(w) = -w - 14. Let z(v) = 3. Let i(r) = -2*d(r) - 9*z(r). Calculate i(t).
-9
Let r(k) be the third derivative of -k**5/12 - k**4/24 + 2*k**3/3 - 31*k**2. What is r(-3)?
-38
Let l(a) be the second derivative of -a**3/6 + 4*a**2 - 664*a. What is l(6)?
2
Let a(u) = 6*u + 31. Let s(p) = -p**3 + 7*p**2 + 16*p + 12. Let h be s(9). Give a(h).
-5
Let w(d) = -2*d**2 + 1. Suppose 4*c - 24 = 16*c. Determine w(c).
-7
Let i(r) = 0*r - 21*r**2 - 2*r + 3*r + 2*r + 20*r**2 - 3. What is i(2)?
-1
Suppose -5*v = 2*t + 11 - 492, 0 = -4*v + 20. Let w be t/44 + 2/(-11). Let b(s) = -s + 0*s + 1 + w. What is b(5)?
1
Let z(y) = -y - 7. Let l(o) = -14*o - 96. Let w(r) = -l(r) + 12*z(r). Give w(6).
24
Let m = 28194 - 28195. Let f(l) = 10*l**3 + l**2 - 4*l - 5. Let x(t) = 19*t**3 + 2*t**2 - 9*t - 11. Let g(u) = 9*f(u) - 4*x(u). Calculate g(m).
-14
Let l(k) be the second derivative of k**3/6 + 4*k**2 + 3*k. Let y be l(-3). Let r(g) = -y*g**2 + 5*g**3 + 0 - 4*g**3 + 4. Give r(5).
4
Let n(h) = h**3 - 11*h**2 - 13*h + 5. Let p be 368/32 - (2 - 4)/4. What is n(p)?
-7
Let o(v) be the second derivative of -v**3/6 - 3*v**2/2 + 3*v - 6. Suppose 4*k + 5 + 38 = -3*s, 3*k = -5*s - 46. Determine o(k).
4
Let q(x) be the second derivative of 2*x**3/3 - 2*x**2 - 2*x. Suppose -43*t + 15 = -40*t. Determine q(t).
16
Let s(u) be the third derivative of u**6/120 - u**5/15 - u**4/12 - 7*u**3/6 + 311*u**2. Determine s(5).
8
Suppose -v - 2*r + 2 = -4, -4*v - 5*r + 18 = 0. Let t(h) = -3 - v*h + 9 + 0 - 4. Calculate t(6).
-10
Let z = -20 - -11. Let s(w) = -11*w + 333 + 2*w + 333 - 657 - w**2. Give s(z).
9
Let k(d) = 6*d - 179 + 92 + 90. Suppose -m - 2 + 3 = 0. Let b be m/(1 - 0)*-2. Calculate k(b).
-9
Let j(f) = -5 - f**2 + 0*f**2 - f + 2*f**2. Let w be (-32)/10*(-5)/10*5. Suppose -w*g = -11*g + 12. Calculate j(g).
7
Let b(w) be the first derivative of 3*w**2/2 + 9*w + 415. Give b(-5).
-6
Let l(p) be the second derivative of p**3/6 + p**2 - 13*p. Let k be (-196)/20 + (-42)/(-15) + -3. Give l(k).
-8
Let n(f) = f**2 - 4*f. Let u be n(3). Let o(c) = -15*c**3 + 7*c**2 - 8*c - 17. Let w(r) = -7*r**3 + 3*r**2 - 4*r - 8. Let j(l) = 6*o(l) - 13*w(l). What is j(u)?
-10
Let o(j) be the second derivative of -j**5/20 + j**4/4 + 2*j**3/3 - 24*j. Determine o(4).
0
Suppose -3*d + 3*l = -2*d - 13, -24 = -3*d + 4*l. Let w(c) = -d + 4*c**2 + c**3 + 1 - 2*c - 2. Suppose 69 - 41 = -7*z. Calculate w(z).
3
Let b(c) = 6*c - 1. Let g(z) = -z. Let q(d) = 2*b(d) + 11*g(d). Let y(m) = 1. Let p(j) = -q(j) + 2*y(j). What is p(6)?
-2
Suppose m + 4*x + 8 + 2 = 0, -5*m - 2*x = 14. Let v(q) = -14*q - 12. Calculate v(m).
16
Let d(c) = -c**2 - 16. Suppose 0 = -3*w + 4 + 5. Let o be -3 + (12/w - -3). Let z(j) = 2*j - 8. Let h be z(o). Determine d(h).
-16
Let f(v) be the second derivative of -v**3/3 - 3*v + 2. Let m = -8 + 3. Give f(m).
10
Suppose 3*o - 16 = -o. Suppose 0 = -o*f + 3*f - 1. Let y(m) = 1 - 14*m**2 + 16 - 17 - m + 0*m. Give y(f).
-13
Suppose -10 - 8 = -5*x + 2*m, 2*x - 2*m = 12. Let g(f) be the second derivative of 5*f + 0*f**x - 1/3*f**3 + 0. Determine g(-1).
2
Let d(x) = -1 - 9*x + 3*x - 9*x + 16*x + x**2. Let w(i) = i - 1. Let k be w(3). What is d(k)?
5
Let h(t) = 5*t**3 - 6*t**2 + t - 6. Let x(c) = -5 + 4*c + 0*c + 0*c**3 - 3*c - 5*c**2 + 4*c**3. Let s(o) = 5*h(o) - 6*x(o). What is s(-1)?
0
Let v be (-4)/3 + (2 - 24/36). Let l(c) be the second derivative of c**5/20 - c**4/12 + c**3/6 - c**2/2 + 2*c. Give l(v).
-1
Let z(w) = w**3 + 2*w**2 - 4*w - 4. Let d(p) = p**2 + 2*p + 1. Let s be d(-1). Suppose -5*r - 5*q = 25, 3*r - q + 6*q + 19 = s. Determine z(r).
-1
Let f(p) = 13 - 2*p**3 - 12*p**2 + p**3 + 11*p + 2*p**3. Let c = -8832 - -8843. What is f(c)?
13
Let b(j) be the first derivative of -j**4/4 - 4*j**3/3 - 2*j**2 - 13*j + 4. Let a be b(-4). Let w(u) = -u**2 + 2*u + 1. What is w(a)?
-2
Let n(z) be the second derivative of z**3/6 + z**2 - 169*z. What is n(6)?
8
Let b(q) = -2*q**2 - q + 3. Let m(y) = 5*y**2 + y - 6. Let a(i) = -7*b(i) - 3*m(i). Give a(5).
-8
Let q(y) = 3*y + 2. Let m be q(-1). Let o(v) be the second derivative of v**4/12 + v**3/3 + v**2/2 - 22*v. Calculate o(m).
0
Let y = -30 - -21. Let j = -3 - y. Let k(v) be the third derivative of v**6/120 - v**5/10 - v**4/6 + 4*v**3/3 - v**2 + 2*v. Give k(j).
-16
Let k(j) = -9*j + 2. Let s(d) be the second derivative of -d + 9/2*d**2 - 5/3*d**3 + 0 - 1/12*d**4. Let q be s(-11). Determine k(q).
20
Let h(l) = -6*l**2 - l. Let b(g) = -2*g + 25. Let v be b(13). Let k be h(v). Let i(f) = f**3 + 4*f**2 - 2*f + 5. What is i(k)?
-10
Let y(r) = -6*r. Let v be (-4)/(-3) - 128/24. Let c be (2/(-3))/(v/36). Let w be (-12)/18*c/(-4). Give y(w).
-6
Let d(x) = 14*x + 10. Let t(y) = -40*y - 28. Let v(j) = -11*d(j) - 4*t(j). Determine v(3).
20
Let m be 1/(-1 - 4/(-3)). Let x(y) = m*y + 2*y - 8*y - 1. What is x(-3)?
8
Let d(y) = 2*y + 3. Let v be d(-5). Let a = 9 + v. Suppose -4*g - 23 = -a*o - 9*g, 2*o + 4 = 4*g. Let c(w) = -w**2 + 7*w - 4. What is c(o)?
8
Let q(h) be the first derivative of -4*h - 2/3*h**3 - h**2 - 1. What is q(-3)?
-16
Let v(a) be the first derivative of -a**6/360 + a**5/24 + a**4/8 - 4*a**3 + 11. Let n(y) be the third derivative of v(y). Calculate n(3).
9
Let i(p) = -p**3 - 8*p**2 + p - 8. Let b be ((-2)/(-8))/((36/(-32))/(-9)). Suppose -5*h = 5*m + 20, 2*h = -b*m + h - 12. Determine i(m).
-16
Let q(u) = -u**3 + 3*u**2 - 11*u - 2. Let z(j) = 2*j**3 - 5*j**2 + 19*j + 3. Let i(r) = -7*q(r) - 4*z(r). Determine i(-2).
4
Let g(z) = z**3 + 10*z**2 + 9*z + 4. Let w(o) = -o**2 - 7*o + 5. Let s be w(-7). Suppose 0 = -5*y - 6*b + 9*b - 54, 33 = -s*y - 4*b. What is g(y)?
4
Let w(k) = -7*k. Let q be 7 - 2*2/4. Suppose 0 = -3*i - 5*s, 4*i - 2*s - 29 = s. Suppose -i*a - q = z, a + 2*z - 6*z = -18. Determine w(a).
14
Suppose 2*n - 4*n = -14. Let f(h) = -4*h + 14*h - 8*h + 2 - 3*h + 3. Give f(n).
-2
Suppose 23 = -12*y + 107. Let a(z) be the first derivative of -z**4/4 + 7*z**3/3 - z**2/2 + 10*z - 4. Determine a(y).
3
Let c(h) = -2*h**2 - 9*h - 8. Let o(p) = 3*p**2 + 17*p + 17. Suppose -1 = 5*k + 3*f - 4, 0 = -2*k - 2*f - 2. Let w(b) = k*o(b) + 5*c(b). Determine w(8).
-5
Let p(s) be the second derivative of -s**5/20 + 5*s**4/12 + s**3 - 5*s**2/2 - 202*s + 1. Give p(6).
-5
Let n(q) = -q**3 - 2*q**2 + 4*q + 3. Let h(m) = m**3 - 3*m**2 - m + 5. Let l be h(4). Let p = l + -20. What is n(p)?
0
Let v(c) be the second derivative of c**3/6 - c**2 + 309*c. Calculate v(0).
-2
Let r(w) = -w**2 + 5*w + 2. Suppose 854 - 864 = 5*c. Calculate r(c).
-12
Let t(i) = 3*i + 1. Let w(z) = -2*z**2 - 11*z - 2. Let g be w(-5). Suppose 5*m - 3*c = 44, 4*c = g - 15. Calculate t(m).
22
Suppose -33*h = -17*h - 16. Let u(y) = y - 3. Calculate u(h).
-2
Let i be 3/(6/218) - -3. Let w be (i/(-24))/(2/(-9)). Let y be w/4 + (-2)/8. Let n(u) = u**2 - 7*u + 3. Calculate n(y).
-7
Let d(t) = 5*t**2 + 25*t - 16. Let m be d(-5). Let j(p) = -p**3 - 15*p**2 